d a?
10
Let w(f) = f**3 + f**2 - 2*f - 1. Let c be w(-1). Let b(r) = c - 144*r + 139*r + 1. Let o be b(-8). What is the highest common divisor of o and 14?
14
Let i = 2 - -6. Suppose 15 = -i*r + 3*r. Let u be ((-18)/(-15))/(r/(-40)). Calculate the highest common divisor of 8 and u.
8
Let d be 1059/9 - 3 - (-24)/18. Calculate the highest common factor of 174 and d.
58
Suppose 25*v + 2 = 23*v. Let o be (v + -23)/((-3)/14). Calculate the greatest common divisor of o and 8.
8
Suppose -6448 = -4*d - 0*d. Let a be d/6 - (-2)/(-3). Let l = a + -124. What is the highest common factor of 36 and l?
36
Let d = -9 - -18. Let w(k) = -k + 9. Let n be w(3). What is the highest common divisor of d and n?
3
Let u(y) = y**3 - 9*y**2 - 9*y. Let q be u(10). Let i be -4 - 38*(-5)/q. Calculate the greatest common divisor of 90 and i.
15
Suppose 0 = 2*d - 33 + 127. Let b = d - -64. What is the highest common factor of 187 and b?
17
Suppose 0*b - 5*b + 55 = 0. Let c be 5*(1 + -2)*(-12 + 1). What is the highest common factor of c and b?
11
Suppose -5*i + 2*k + 948 = 100, 3*i = 5*k + 505. Calculate the highest common factor of i and 50.
10
Let o(c) be the first derivative of 5*c**2/2 - 3*c - 1. Let h be o(2). Suppose 88 = 14*a - 108. What is the greatest common divisor of h and a?
7
Let h(z) = z**2 + 6*z - 133. Let l be h(-20). Calculate the greatest common divisor of 35 and l.
7
Let h be 2/(-8) + 54/24. Let q(n) = n**3 + 2*n - 2. Let m be q(h). What is the greatest common divisor of 20 and m?
10
Let w(i) = 7*i**2 - 3*i - 64. Let j be w(-9). Calculate the highest common factor of j and 10.
10
Suppose 21*p - 290 - 130 = 0. Let j be (-28)/(-6) + 4/12. Calculate the highest common factor of j and p.
5
Let i(b) = b**3 - b**2 + 135. Let g be ((3 - 1)/2)/(-1). Let m be ((-1 - g)/5)/(-1). Let c be i(m). Calculate the greatest common factor of c and 15.
15
Suppose 2*t - 12 = -3*f, t = -4*t - 5*f + 35. Let n = t + -3. Suppose -3*c - 87 = -q - 9, -4*q - 4*c = -248. Calculate the greatest common divisor of n and q.
6
Suppose 0*g - 3*g = -105. Suppose -97 = -15*u + 53. Calculate the highest common factor of u and g.
5
Let v(x) = x**3 - 37*x**2 - 17*x - 96. Let k be v(38). What is the greatest common factor of 270 and k?
54
Let f be 19/(-19)*(1 + -2). What is the greatest common factor of 7 and f?
1
Let t(p) = -p**3 + 3*p**2 + 5*p - 3. Let s be t(4). Let y = -166 - -177. What is the highest common factor of y and s?
1
Let z = -11 + 18. Suppose 0 = -z*i + 3*i + 20. What is the greatest common factor of 1 and i?
1
Suppose 12 = 4*f + j, 0 = -2*j - 0*j - 8. Suppose -n = -f*n + 627. Let h be 7 + (3 - (-23 + 14)). What is the greatest common divisor of n and h?
19
Suppose 1602*w - 1603*w + 176 = 0. Calculate the highest common divisor of 112 and w.
16
Let h(w) = 139*w - 448. Let a be h(4). Suppose 3*f = 4*f - 2. Suppose -3*p - 36 = -5*p + 4*d, f*p = -5*d + 9. Calculate the greatest common factor of a and p.
12
Let c(z) = z**3 + 30*z**2 + 11*z - 72. Let s be c(-29). Calculate the greatest common factor of s and 18.
18
Suppose -98*x + 742 = 8*x. What is the highest common factor of x and 224?
7
Let c be 3*-1 - (16 + -26). Let i be (-18)/42 + 1522/c. Calculate the highest common divisor of i and 31.
31
Let l be 16928/9 - (-10 - 623/(-63)). Calculate the greatest common factor of 33 and l.
33
Let t(l) = -l**2 + 13*l + 8. Let r be t(7). Calculate the highest common factor of 450 and r.
50
Suppose 4 = 2*q - 10. Suppose 0 = -2*k + 2*j + 56, 2*k - q*j = -3*j + 64. Let p = 1 + 5. Calculate the greatest common divisor of p and k.
6
Let g(x) = x**3 - 4*x**2 - x - 6. Let y be g(5). Suppose 0 = 4*k - 6*k + 120. Let m be k/(-3)*112/(-40). What is the highest common divisor of m and y?
14
Let c(z) = 2*z**3 - 4*z**2 + 2*z + 1. Let j be c(3). Calculate the highest common factor of j and 15.
5
Suppose -5*m + 70 = -0*m. Let h = 10 - 7. Suppose 3*x + h*p - 454 = -1, -5*x = -p - 773. Calculate the greatest common factor of x and m.
14
Let j(s) = s**3 - 10*s**2 + 2*s - 3. Let k be j(10). Let f(b) = 2*b - 9. Let z be f(k). What is the highest common factor of z and 250?
25
Suppose 5*k - 199 = u, -k + 4*k - 116 = 4*u. Suppose 8*l = 3*l + 30. Let x be (-17)/(-3) - 4/l. Calculate the greatest common factor of x and k.
5
Suppose 106 - 26 = 4*z + 4*m, -67 = -3*z + 4*m. What is the highest common factor of z and 231?
21
Let n = -136 + 17. Let t = -115 - n. Calculate the greatest common divisor of 16 and t.
4
Let r be 9 - (-3)/1 - -3. Let j = r + 11. Suppose m + 0*m = -f + j, -2*f = -3*m + 68. What is the greatest common divisor of m and 8?
8
Let d be 5/15 - 2644/(-6). Let h = d - 307. Suppose -26 + h = 3*c. Calculate the greatest common divisor of c and 12.
12
Let v be -1*(-5)/((1 - 0)/18). Let x be 2 - (6/36 - 436/24). What is the greatest common factor of v and x?
10
Let t = -2 + 7. Suppose -5*w = -w - d - 11, t*d = -4*w - 7. What is the highest common factor of 10 and w?
2
Let a = -1 - -5. Suppose -8 = h - 4*p + 3*p, -3*h = 2*p + a. Let b be (-71)/h + 5/20. Calculate the greatest common divisor of b and 90.
18
Let x(t) = 2*t - 1. Suppose 5*r - 51 = 29. Let g be x(r). What is the highest common factor of 93 and g?
31
Let q(f) = -10*f + 8. Let u = 34 - 38. Let c be q(u). Calculate the highest common factor of 16 and c.
16
Let i = -92 + 185. What is the greatest common divisor of i and 1302?
93
Let v(x) = x + 90. Let z be v(0). Suppose 4*h - 2*a = 60, h + a - 50 = -2*h. Let j = -6 + h. What is the highest common divisor of z and j?
10
Suppose 0 = 2*f + 3 - 33. Let l(w) = -w + 1. Let s(g) = -g**3 + g**2 - 4. Let p be s(0). Let b be l(p). Calculate the highest common factor of b and f.
5
Suppose -d - 4*d = 2*i - 78, -4*d = 3*i - 110. Suppose 3*a - i = -4*b, -2*b - 2*b = 5*a - 62. Let x = a - 11. Calculate the greatest common divisor of x and 3.
3
Let k be (1572/(-36) - -9)*(-111)/2. Calculate the highest common factor of 52 and k.
52
Suppose 2*y - 336 = 2*n, -3*y - 4*n = -229 - 303. What is the greatest common factor of 20 and y?
4
Let s be 4/(-18) - 33/(-27). What is the greatest common divisor of 89 and s?
1
Let n be (-96)/(-10) - 2/(-5). Suppose n = 13*b - 107. Calculate the greatest common factor of 72 and b.
9
Let j = 681 - 562. What is the highest common divisor of j and 34?
17
Suppose -16 = -4*r, 0 = -3*s + 2*s + r + 21. Let n = s - 15. Let k(d) = 4*d**2 - 4*d + 2. Let h be k(4). What is the highest common divisor of h and n?
10
Suppose 5*k - 86 = -d + 60, 3*d + 162 = 5*k. Calculate the greatest common factor of 60 and k.
30
Let x = -830 - -982. Calculate the highest common divisor of 24 and x.
8
Suppose 777 - 696 = 9*y. Let k = -68 - -113. What is the greatest common divisor of y and k?
9
Let m(b) = -12*b + 14. Let q be m(1). What is the highest common factor of 18 and q?
2
Let t(p) = -p**3 - 9*p**2 - 18*p - 26. Let s be t(-7). What is the greatest common factor of s and 17?
1
Suppose 3*a + 2*a - 5*f + 240 = 0, -5*f = 0. Let j = a - -66. What is the greatest common divisor of j and 72?
18
Let f = 577 + -539. Calculate the greatest common factor of f and 95.
19
Let i = 1036 - 581. Calculate the highest common factor of i and 26.
13
Suppose 8*o + 575 = 31*o. Calculate the highest common divisor of 25 and o.
25
Suppose 4*r - 4 = 2*c, -2*c - r = 3*r + 12. Let q be 32 - (-1*16)/c. What is the greatest common factor of q and 7?
7
Suppose -7 = -n + d + 24, 0 = -2*d - 6. Suppose 81*i = 82*i - 252. Calculate the highest common divisor of i and n.
28
Suppose 2*r + 1 = 5. Let q(j) = -6*j**2 + j + 3. Let g be q(r). Let a = 21 + g. Calculate the greatest common factor of a and 2.
2
Let g = -758 - -780. What is the highest common divisor of g and 1298?
22
Suppose 0*a - k = 4*a - 108, 0 = k. Calculate the greatest common divisor of a and 72.
9
Let r = -2 + 155. Let h = 4 + -1. Suppose h*i = 2*i + 17. What is the highest common divisor of i and r?
17
Suppose -2*l - 5*j = -80, 54*l - 50*l = -5*j + 160. Calculate the highest common factor of 70 and l.
10
Let s be (11 + 178)/((3 + -6)/(-3)). Calculate the greatest common factor of 21 and s.
21
Let w be 30 - (0 + (-10)/(-5)). Suppose 2*u + 5*u = w. What is the greatest common factor of 10 and u?
2
Let o be 1/(-3) - (-206)/6. Let v(m) = -m**3 - 4*m**2 + 4*m - 8. Let h be v(-5